pose s + 21 = 48. Let r(q) = -4*q**2 - 33*q - 1. Suppose y + 2*y + 4*m = -10, -5*m + 10 = 0. Calculate the remainder when r(y) is divided by s.
26
Let p = 4167 + -4150. What is the remainder when 404 is divided by p?
13
Let c be ((-5 - -6) + -3)*6/(-4). Let n be (308/6 - c) + 4/6. Suppose 14 + n = 7*i. Calculate the remainder when 14 is divided by i.
5
Let j be (2 + 3/3)*1. Suppose -j*m = -120 + 33. Let g = 981 - 809. What is the remainder when g is divided by m?
27
Suppose 3*r - 2897 = -1367. Calculate the remainder when r is divided by 67.
41
Suppose 3*x - 146 = -4*r, 2*r - 8 + 16 = 0. Calculate the remainder when 803 is divided by x.
47
Suppose 3*x + 41350 = -x + 5*w, 4*w + 51667 = -5*x. What is the remainder when x/(-260) - (-3)/(-4) is divided by 9?
3
Suppose -a = -o - 34, 1162*a + 5*o = 1164*a - 59. What is the remainder when 4289 is divided by a?
34
Suppose 0 = 2*k - 3*j - 10, -5*j = 9*k - 11*k + 10. Suppose k*q = -20 + 60. Suppose 3*z - 56 - 55 = 0. Calculate the remainder when z is divided by q.
5
Suppose -21*q = -0*q - 532 - 203. What is the remainder when 276 is divided by q?
31
Let b = 1106 + -810. Calculate the remainder when b is divided by 52.
36
Let m(a) = -a**3 - 10*a**2 + 10*a + 9. Let w be 3 - -1 - (0 + 15). Let t(f) = -2*f**2 - f + 77. What is the remainder when t(0) is divided by m(w)?
17
Let h = 14022 + -3607. Calculate the remainder when h is divided by 3469.
8
Suppose -56 = -5*l + 4. Let o(w) = -w**2 + 18*w - 47. Let g be o(15). Let h(y) = -10*y**3 + y**2 + 8*y + 3. What is the remainder when h(g) is divided by l?
11
Let l(y) = y**2 - 25*y + 53. Let t be l(22). Calculate the remainder when (-9 + -13)*t*(-4)/(-8) is divided by 29.
27
Let b(f) = -f**2 - 24*f + 37. Let t(v) = 4*v - 4. Let s be t(-4). Calculate the remainder when b(s) is divided by 24/(-1*(1 - 2)).
21
Calculate the remainder when (-4 - 1/1)*3/(210/(-8722)) is divided by 39.
38
Suppose 0*i = -2*i + 52. Suppose 5*v - 2*v - t - 22 = 0, 2*t = -v + 5. Calculate the remainder when 2*i*((-9)/(-2) + -4) is divided by v.
5
Suppose -6*u + 12 = -2*u. Let g = -668 + 680. Calculate the remainder when g is divided by u.
0
Let b be 1098/27 + (-2)/3. Suppose -235*g + 240*g = -b. Calculate the remainder when 90 is divided by 6/(-4)*((-2208)/(-18))/g.
21
Let x(s) = 29*s**2 - 1. Let o be x(1). Let b(u) = 2*u**2 - 20*u + 2. Calculate the remainder when b(16) is divided by o/((3/(-3))/((-2)/2)).
26
Suppose -3*s - 16 = -112. Let b = s - 28. What is the remainder when 55 is divided by b?
3
Suppose -62 = -u - 19. Let n = 8207 + -8190. What is the remainder when u is divided by n?
9
Let t = 4583 + -4100. Calculate the remainder when t is divided by 3.
0
Suppose 7*f - 21 = 4*f + 5*b, f - 4*b = 0. Suppose q = f*q + 132. Calculate the remainder when 24 is divided by (-2)/((q/(-8))/((-42)/8)).
3
Let r(b) = 2*b**2 - 11*b - 18. Suppose u - 280 = -34*u. Calculate the remainder when r(u) is divided by 4.
2
Suppose -2348 = -27*k + 1729. Let c = 172 - k. Calculate the remainder when 61 is divided by c.
19
Let y = 0 + 28. Let z(p) = p**2 - 17*p - 32. Calculate the remainder when z(23) is divided by y.
22
Suppose 0 = -p - p - 5*w + 1773, -4385 = -5*p - 3*w. Calculate the remainder when p is divided by 127.
112
Let b(x) = -2*x**3 - 15*x**2 - 23*x + 16. What is the remainder when 498 is divided by b(-6)?
38
Let p = 146 - 151. What is the remainder when (-4 + 5)*131/1 is divided by 9 + p - 3 - -43?
43
Let m(r) = -27*r - 7. Let i be m(-4). Let q = -78 + i. Suppose 4*w - q = 109. Calculate the remainder when w is divided by 22.
11
Let x be ((-270)/60)/((-2)/(-44)). Calculate the remainder when (-1435)/(-63) + (-4)/(-18) is divided by (23936/x)/(-17) - (-4)/(-18).
9
Let z(b) = -53*b**3 + b**2 - 25*b - 26. Let t(j) = -j**3 + 9*j**2 - 13*j - 8. Let u be t(7). What is the remainder when 206 is divided by z(u)?
47
Let s = 16 + -11. Suppose -5*p + 275 = s*m, -2*p - 12 = -m + 34. Suppose -484 = -5*r - 3*y, -426 = -5*r - y + m. What is the remainder when r is divided by 24?
23
Suppose -558*k = -6184 - 3302. Calculate the remainder when 1726/6 + 2/(-3) is divided by k.
15
Suppose 3*q - 19 = -l, -5*l + 33 = -5*q - 42. Suppose 0 = l*p - 22*p + 24. Let u = 17 + -4. What is the remainder when u is divided by p?
1
Let t be 0/9*3/(-6). Let g(w) be the second derivative of w**4/12 + 14*w**2 - 4*w. Calculate the remainder when 111 is divided by g(t).
27
Let m = 94 + -50. Suppose m = 4*b - n, 0 = -n - 0*n. What is the remainder when (-3 - (-4 - 18)) + -2 is divided by b?
6
Suppose 5*t - 17*z + 13*z + 176 = 0, 0 = -3*t + 5*z - 116. Let k(r) = 18*r + 1. Let f be k(-2). Let b = t - f. Calculate the remainder when 3 is divided by b.
0
Let l(g) = -g**3 + 10*g**2 + 10*g - 69. Let n be l(10). Suppose -x = 2*c - n, 0 = -6*c + 2*c. What is the remainder when 47 is divided by x?
16
Suppose -2*b = -4*n - 1494, -2241 = -3*b - 3*n + 4*n. What is the remainder when b is divided by 731?
16
What is the remainder when ((2/10)/((-10)/2440))/((-6)/105) is divided by 45?
44
Let a(g) = 3*g + 72. Let t = 209 + -220. Let i = -52 + 73. Calculate the remainder when a(t) is divided by i.
18
Let j(p) = 39*p**2 - 3*p - 6. Let d(g) = -4*g - 58. Let h be d(-14). Calculate the remainder when j(h) is divided by 20.
16
Suppose 19*p - 15*p - 184 = 0. Suppose 0*s + 4*a = -3*s + p, 2*s - 2*a - 40 = 0. Suppose -v + s = 9. Calculate the remainder when 14 is divided by v.
5
Let q be 6/3 + 12/6 + 48. What is the remainder when -3*6/(-9) - (12 - q) is divided by 11?
9
Let a(z) = -3*z**3 - 6*z**2 + 14*z + 129. What is the remainder when a(-6) is divided by (-1202)/(-20) - (-4)/(-40)?
57
Let c(d) = 177*d + 4618. Calculate the remainder when 399 is divided by c(-26).
15
Let g(p) = -80*p - 2421. Calculate the remainder when g(-31) is divided by 6.
5
Calculate the remainder when 3509 is divided by -5 + 62 + (-75)/27 + 8/(-36).
53
What is the remainder when 4864 is divided by (8 - 7352/(-56)) + 0 + 4/(-14)?
138
Suppose -4*c = 0, -5*v + 7*c + 17245 = 10*c. Calculate the remainder when v is divided by 4.
1
Let x = 3 - 27. Let b be 0 + (x/(-15) - (-2)/5). What is the remainder when 12 + b + 1/2*-10 is divided by 5?
4
Let g(c) = -39*c + 480. Calculate the remainder when g(-50) is divided by 16.
14
Let j = -7299 - -7307. Calculate the remainder when 107 is divided by j.
3
Let l(y) = y**2 + 34*y - 4. Suppose -88*n + 111*n = -805. Calculate the remainder when 46 is divided by l(n).
15
Suppose 0 = 6*i - 9 - 33. Suppose i*m - 12*m + 505 = 0. Let z = m - 84. Calculate the remainder when z is divided by 11.
6
Let r(j) = 6*j**2 - 649*j - 438. What is the remainder when r(109) is divided by 86?
21
Let v(j) = j**3 - 9*j**2 - 8*j + 6. Let x be v(14). Suppose 2*i - 21*i = -x. What is the remainder when i is divided by 28?
18
Suppose -3*n + 3*o + 906 = 0, 3*n + 4*o - 887 = -2. Calculate the remainder when n is divided by 154.
145
Let q(z) = 27*z - 9. Let v be q(0). What is the remainder when (1*(-6)/v)/((-48)/(-4680)) is divided by 5?
0
Let b = 196 + -188. Calculate the remainder when 83 is divided by (0 - -1)/((-1464)/184 + b).
14
Let u(j) = -9*j**2 - 401*j + 222. What is the remainder when 51 is divided by u(-45)?
9
Suppose -685 = -34*v + 1137 - 326. What is the remainder when 1017 is divided by v?
5
Let j(h) be the second derivative of h**3/6 - 5*h**2 + 8*h. Let t be j(12). Suppose t*o - 22 - 18 = 0. What is the remainder when o is divided by 11?
9
Calculate the remainder when (-4 - 204/18)*-6 is divided by 21.
8
Let q(a) = 12*a**3 + 9*a**2 - 29*a + 53. Calculate the remainder when q(4) is divided by 14.
9
Let s = -3118 - -3139. Calculate the remainder when 1214 is divided by s.
17
Calculate the remainder when (-3 - 141)/(-4) + 48/4 is divided by 18.
12
Let s(h) = -2*h**3 - 8*h**2 - 76*h - 24. What is the remainder when s(-6) is divided by 278?
20
Let k = -38 - -90. Let a = -38 + k. Suppose 11*y = 9*y + a. Calculate the remainder when 12 is divided by y.
5
What is the remainder when 1222 is divided by (1 + (-20)/8)/(-6 - 24615/(-4110))?
126
Suppose 43*i - 389 = 170. Calculate the remainder when 232 is divided by i.
11
Let s be (-153)/21 - 14/(-49). Let x be s/(21/240) + 2 + 1. Let l = 102 + x. Calculate the remainder when 49 is divided by l.
24
Let j be (1 + 0 - 2) + (-5